{"id":51,"date":"2014-08-06T11:51:28","date_gmt":"2014-08-06T09:51:28","guid":{"rendered":"http:\/\/eiderlauf.athletico-buedelsdorf.de\/?page_id=51"},"modified":"2014-08-18T11:30:53","modified_gmt":"2014-08-18T09:30:53","slug":"ergebnisse-2012-2","status":"publish","type":"page","link":"https:\/\/eiderlauf.athletico-buedelsdorf.de\/?page_id=51","title":{"rendered":"Ergebnisse 2012"},"content":{"rendered":"<p><span style=\"text-decoration: underline;\"><strong>1,5km Zwergensprint:<\/strong><\/span><\/p>\n<p><a href=\"https:\/\/eiderlauf.athletico-buedelsdorf.de\/wp-content\/uploads\/2014\/08\/20121021-zs.pdf\" target=\"_blank\">Gesamtwertung<\/a><\/p>\n<p>&nbsp;<\/p>\n<p><span style=\"text-decoration: underline;\"><strong>5,0km Jedermannlauf:<\/strong><\/span><\/p>\n<p><a href=\"https:\/\/eiderlauf.athletico-buedelsdorf.de\/wp-content\/uploads\/2014\/08\/20121021-jl.pdf\" target=\"_blank\">Gesamtwertung<\/a><\/p>\n<p>&nbsp;<\/p>\n<p><span style=\"text-decoration: underline;\"><strong>10,0km Hauptlauf:<\/strong><\/span><\/p>\n<p><a href=\"https:\/\/eiderlauf.athletico-buedelsdorf.de\/wp-content\/uploads\/2014\/08\/20121021-hl.pdf\" target=\"_blank\">Gesamtwertung<\/a><\/p>\n<p><a href=\"https:\/\/eiderlauf.athletico-buedelsdorf.de\/wp-content\/uploads\/2014\/08\/20121021-hl-m.pdf\" target=\"_blank\">Mannschaftswertung M\u00e4nner<\/a><\/p>\n<p><a href=\"https:\/\/eiderlauf.athletico-buedelsdorf.de\/wp-content\/uploads\/2014\/08\/20121021-hl-w.pdf\" target=\"_blank\">Mannschaftswertung Frauen<\/a><\/p>\n<p>&nbsp;<\/p>\n<p><span style=\"text-decoration: underline;\"><strong>21,1km Halbmarathon:<\/strong><\/span><\/p>\n<p><a href=\"https:\/\/eiderlauf.athletico-buedelsdorf.de\/wp-content\/uploads\/2014\/08\/20121021-hm.pdf\" target=\"_blank\">Gesamtwertung<\/a><\/p>\n<p><a href=\"https:\/\/eiderlauf.athletico-buedelsdorf.de\/wp-content\/uploads\/2014\/08\/20121021-hm-m.pdf\" target=\"_blank\">Mannschaftswertung M\u00e4nner<\/a><\/p>\n<p><a href=\"https:\/\/eiderlauf.athletico-buedelsdorf.de\/wp-content\/uploads\/2014\/08\/20121021-hm-w.pdf\" target=\"_blank\">Mannschaftswertung Frauen<\/a><\/p>\n<p>&nbsp;<\/p>\n<p><span style=\"text-decoration: underline;\"><strong>21,1km Halbmarathon Landesmeisterschaften:<\/strong><\/span><\/p>\n<p><a href=\"https:\/\/eiderlauf.athletico-buedelsdorf.de\/wp-content\/uploads\/2014\/08\/20121021-lm.pdf\" target=\"_blank\">Gesamtwerung<\/a><\/p>\n<p><a href=\"https:\/\/eiderlauf.athletico-buedelsdorf.de\/wp-content\/uploads\/2014\/08\/20121021-lm-mw.pdf\" target=\"_blank\">Gesamtwertung m\u00e4nnlich\/weiblich<\/a><\/p>\n<p><a href=\"https:\/\/eiderlauf.athletico-buedelsdorf.de\/wp-content\/uploads\/2014\/08\/20121021-lm-ak.pdf\" target=\"_blank\">Wertung Altersklassen<\/a><\/p>\n<p><a href=\"https:\/\/eiderlauf.athletico-buedelsdorf.de\/wp-content\/uploads\/2014\/08\/20121021-lm-m.pdf\" target=\"_blank\">Mannschaftswertung M\u00e4nner<\/a><\/p>\n<p><a href=\"https:\/\/eiderlauf.athletico-buedelsdorf.de\/wp-content\/uploads\/2014\/08\/20121021-lm-w.pdf\" target=\"_blank\">Mannschaftswertung Frauen<\/a><\/p>\n<p><a href=\"https:\/\/eiderlauf.athletico-buedelsdorf.de\/wp-content\/uploads\/2014\/08\/20121021-lm-mak.pdf\" target=\"_blank\">Mannschaftswertung Altersklassen<\/a><\/p>\n<p>&nbsp;<\/p>\n","protected":false},"excerpt":{"rendered":"<p>1,5km Zwergensprint: Gesamtwertung &nbsp; 5,0km Jedermannlauf: Gesamtwertung &nbsp; 10,0km Hauptlauf: Gesamtwertung Mannschaftswertung M\u00e4nner Mannschaftswertung Frauen &nbsp; 21,1km Halbmarathon: Gesamtwertung Mannschaftswertung M\u00e4nner Mannschaftswertung Frauen &nbsp; 21,1km Halbmarathon Landesmeisterschaften: Gesamtwerung Gesamtwertung m\u00e4nnlich\/weiblich Wertung Altersklassen Mannschaftswertung M\u00e4nner&#46;&#46;&#46;<\/p>\n","protected":false},"author":1,"featured_media":0,"parent":0,"menu_order":0,"comment_status":"open","ping_status":"open","template":"","meta":{"ngg_post_thumbnail":0,"footnotes":""},"class_list":["post-51","page","type-page","status-publish","hentry"],"_links":{"self":[{"href":"https:\/\/eiderlauf.athletico-buedelsdorf.de\/index.php?rest_route=\/wp\/v2\/pages\/51","targetHints":{"allow":["GET"]}}],"collection":[{"href":"https:\/\/eiderlauf.athletico-buedelsdorf.de\/index.php?rest_route=\/wp\/v2\/pages"}],"about":[{"href":"https:\/\/eiderlauf.athletico-buedelsdorf.de\/index.php?rest_route=\/wp\/v2\/types\/page"}],"author":[{"embeddable":true,"href":"https:\/\/eiderlauf.athletico-buedelsdorf.de\/index.php?rest_route=\/wp\/v2\/users\/1"}],"replies":[{"embeddable":true,"href":"https:\/\/eiderlauf.athletico-buedelsdorf.de\/index.php?rest_route=%2Fwp%2Fv2%2Fcomments&post=51"}],"version-history":[{"count":6,"href":"https:\/\/eiderlauf.athletico-buedelsdorf.de\/index.php?rest_route=\/wp\/v2\/pages\/51\/revisions"}],"predecessor-version":[{"id":217,"href":"https:\/\/eiderlauf.athletico-buedelsdorf.de\/index.php?rest_route=\/wp\/v2\/pages\/51\/revisions\/217"}],"wp:attachment":[{"href":"https:\/\/eiderlauf.athletico-buedelsdorf.de\/index.php?rest_route=%2Fwp%2Fv2%2Fmedia&parent=51"}],"curies":[{"name":"wp","href":"https:\/\/api.w.org\/{rel}","templated":true}]}}