{"id":1204,"date":"2019-04-18T18:14:11","date_gmt":"2019-04-18T16:14:11","guid":{"rendered":"http:\/\/eiderlauf.athletico-buedelsdorf.de\/?page_id=1204"},"modified":"2019-04-18T18:14:13","modified_gmt":"2019-04-18T16:14:13","slug":"ein-interview-mit-maya-rehberg","status":"publish","type":"page","link":"https:\/\/eiderlauf.athletico-buedelsdorf.de\/?page_id=1204","title":{"rendered":"Ein Interview mit Maya Rehberg &#8230;"},"content":{"rendered":"\n<p>Mit Maya Rehberg startet zum ersten Mal eine Teilnehmerin olympischer Spiele beim B\u00fcdelsdorfer Eiderlauf. Wir haben Maya kurz vor Ihrer Premiere&nbsp; an der Eider ein paar Fragen gestellt.<\/p>\n\n\n\n<figure class=\"wp-block-image\"><img loading=\"lazy\" decoding=\"async\" width=\"768\" height=\"512\" src=\"https:\/\/eiderlauf.athletico-buedelsdorf.de\/wp-content\/uploads\/2016\/10\/Maya-Rehberg.jpg\" alt=\"\" class=\"wp-image-639\" srcset=\"https:\/\/eiderlauf.athletico-buedelsdorf.de\/wp-content\/uploads\/2016\/10\/Maya-Rehberg.jpg 768w, https:\/\/eiderlauf.athletico-buedelsdorf.de\/wp-content\/uploads\/2016\/10\/Maya-Rehberg-300x200.jpg 300w\" sizes=\"auto, (max-width: 768px) 100vw, 768px\" \/><figcaption>Photo: Jenifer Zornig<\/figcaption><\/figure>\n\n\n\n<!--more-->\n\n\n\n<p>Thomas: Hallo Maya, vielen Dank, dass Du Dir kurz vor dem Eiderlauf noch die Zeit nimmst uns ein paar Fragen zu beantworten.<\/p>\n\n\n\n<p>Maya: <strong>Ich stehe Rede und Antwort.<\/strong><\/p>\n\n\n\n<p>Thomas: Bevor wir auf den Eiderlauf zu sprechen kommen sind wir alle nat\u00fcrlich ersteinmal brennend daran interessiert, wie es in Rio bei den olympischen Spielen \u00fcber die 3.00m Hindernis war. Das muss doch eine unvergessliche Zeit f\u00fcr Dich gewesen sein?<\/p>\n\n\n\n<p><strong>Maya: Auf jeden Fall, ich k\u00f6nnte hier an dieser Stelle ein paar Seiten f\u00fcllen. Ich habe Erfahrungen machen und Erinnerungen sammeln d\u00fcrfen welche ich mein Leben lang nicht vergessen werde. Neben der Zahl an positiven Eindr\u00fccken gibt es nat\u00fcrlich auch ein paar Dinge die ich negativ in Erinnerung behalten werde. Auf der einen Seite war ich sehr ber\u00fchrt, als jeder einzelne brasilianische Fan im Beachvolleyballstadion die Nationalhymne inbr\u00fcnstig mitsingen konnte. Das Gef\u00fchl werde ich nicht vergessen. Ber\u00fchrt war ich jedoch auch, als ebendiese Fans den Weltbesten Stabhochspringer ausbuhten bis er Tr\u00e4nen in den Augen hatte.<\/strong><\/p>\n\n\n\n<p>Thomas: Leider bist Du ja im Vorlauf \u00fcber 3.000m Hindernis ausgeschieden. Konntest Du trotzdem die Zeit dort genie\u00dfen und hast Du Dir vielleicht noch ein paar andere Wettbewerbe anschauen k\u00f6nnen?<\/p>\n\n\n\n<p><strong>Maya: Meine Leistung in Rio entsprach meinen eigenen Anspr\u00fcchen nicht. Das nimmt einen immer etwas mit und schl\u00e4gt sich in der Laune wider. Ich habe versucht, trotzdem so viel es geht mitzunehmen. Ich war sowohl beim Tennis als auch beim Beachvolleyballfinale.<\/strong><\/p>\n\n\n\n<p>Thomas: Nun zum Eiderlauf, wie bist Du auf unsere Veranstaltung aufmerksam geworden?<\/p>\n\n\n\n<p><strong>Maya: Ich bin ja schon ein Weilchen in der Laufzene, da kennt man die gr\u00f6\u00dferen L\u00e4ufe irgendwann.<\/strong><\/p>\n\n\n\n<p>Thomas: Wie willst Du den Lauf angehen, eher als Trainingslauf oder l\u00e4ufst Du auf Sieg?<\/p>\n\n\n\n<p><strong>Maya: Ich bin gerade erst ins Training eingestiegen, und muss schauen wie viel am Sonntag schon wieder m\u00f6glich ist. Wichtig ist in dieser ersten Phase, dass ich mich beim Laufen gut f\u00fchle.<\/strong><\/p>\n\n\n\n<p>Thomas: Was sind Deine sportlichen Ziele f\u00fcr das n\u00e4chste Jahr?<\/p>\n\n\n\n<p><strong>Maya: Im n\u00e4chsten Jahr steht eine WM in London an, sowie die Studenten WM. F\u00fcr mich ist jedoch vor allem die weitere l\u00e4uferische Entwicklung in Hinblick auf die Europameisterschaften 2017 besonders wichtig.<\/strong><\/p>\n\n\n\n<p>Thomas: Vielen Dank f\u00fcr das Interview Maya und f\u00fcr den 16.10. w\u00fcnschen wir Dir viel Erfolg!<\/p>\n\n\n\n<p><strong>Maya: Vielen Dank, ich freue mich drauf.<\/strong><\/p>\n","protected":false},"excerpt":{"rendered":"<p>Mit Maya Rehberg startet zum ersten Mal eine Teilnehmerin olympischer Spiele beim B\u00fcdelsdorfer Eiderlauf. Wir haben Maya kurz vor Ihrer Premiere&nbsp; an der Eider ein paar Fragen gestellt.<\/p>\n","protected":false},"author":1,"featured_media":0,"parent":0,"menu_order":0,"comment_status":"closed","ping_status":"closed","template":"","meta":{"ngg_post_thumbnail":0,"footnotes":""},"class_list":["post-1204","page","type-page","status-publish","hentry"],"_links":{"self":[{"href":"https:\/\/eiderlauf.athletico-buedelsdorf.de\/index.php?rest_route=\/wp\/v2\/pages\/1204","targetHints":{"allow":["GET"]}}],"collection":[{"href":"https:\/\/eiderlauf.athletico-buedelsdorf.de\/index.php?rest_route=\/wp\/v2\/pages"}],"about":[{"href":"https:\/\/eiderlauf.athletico-buedelsdorf.de\/index.php?rest_route=\/wp\/v2\/types\/page"}],"author":[{"embeddable":true,"href":"https:\/\/eiderlauf.athletico-buedelsdorf.de\/index.php?rest_route=\/wp\/v2\/users\/1"}],"replies":[{"embeddable":true,"href":"https:\/\/eiderlauf.athletico-buedelsdorf.de\/index.php?rest_route=%2Fwp%2Fv2%2Fcomments&post=1204"}],"version-history":[{"count":1,"href":"https:\/\/eiderlauf.athletico-buedelsdorf.de\/index.php?rest_route=\/wp\/v2\/pages\/1204\/revisions"}],"predecessor-version":[{"id":1205,"href":"https:\/\/eiderlauf.athletico-buedelsdorf.de\/index.php?rest_route=\/wp\/v2\/pages\/1204\/revisions\/1205"}],"wp:attachment":[{"href":"https:\/\/eiderlauf.athletico-buedelsdorf.de\/index.php?rest_route=%2Fwp%2Fv2%2Fmedia&parent=1204"}],"curies":[{"name":"wp","href":"https:\/\/api.w.org\/{rel}","templated":true}]}}

<p>Mit Maya Rehberg startet zum ersten Mal eine Teilnehmerin olympischer Spiele beim Büdelsdorfer Eiderlauf. Wir haben Maya kurz vor Ihrer Premiere&nbsp; an der Eider ein paar Fragen gestellt.</p>



<figure class="wp-block-image"><img loading="lazy" decoding="async" width="768" height="512" src="https://eiderlauf.athletico-buedelsdorf.de/wp-content/uploads/2016/10/Maya-Rehberg.jpg" alt="" class="wp-image-639" srcset="https://eiderlauf.athletico-buedelsdorf.de/wp-content/uploads/2016/10/Maya-Rehberg.jpg 768w, https://eiderlauf.athletico-buedelsdorf.de/wp-content/uploads/2016/10/Maya-Rehberg-300x200.jpg 300w" sizes="auto, (max-width: 768px) 100vw, 768px" /><figcaption>Photo: Jenifer Zornig</figcaption></figure>



<!--more-->



<p>Thomas: Hallo Maya, vielen Dank, dass Du Dir kurz vor dem Eiderlauf noch die Zeit nimmst uns ein paar Fragen zu beantworten.</p>



<p>Maya: <strong>Ich stehe Rede und Antwort.</strong></p>



<p>Thomas: Bevor wir auf den Eiderlauf zu sprechen kommen sind wir alle natürlich ersteinmal brennend daran interessiert, wie es in Rio bei den olympischen Spielen über die 3.00m Hindernis war. Das muss doch eine unvergessliche Zeit für Dich gewesen sein?</p>



<p><strong>Maya: Auf jeden Fall, ich könnte hier an dieser Stelle ein paar Seiten füllen. Ich habe Erfahrungen machen und Erinnerungen sammeln dürfen welche ich mein Leben lang nicht vergessen werde. Neben der Zahl an positiven Eindrücken gibt es natürlich auch ein paar Dinge die ich negativ in Erinnerung behalten werde. Auf der einen Seite war ich sehr berührt, als jeder einzelne brasilianische Fan im Beachvolleyballstadion die Nationalhymne inbrünstig mitsingen konnte. Das Gefühl werde ich nicht vergessen. Berührt war ich jedoch auch, als ebendiese Fans den Weltbesten Stabhochspringer ausbuhten bis er Tränen in den Augen hatte.</strong></p>



<p>Thomas: Leider bist Du ja im Vorlauf über 3.000m Hindernis ausgeschieden. Konntest Du trotzdem die Zeit dort genießen und hast Du Dir vielleicht noch ein paar andere Wettbewerbe anschauen können?</p>



<p><strong>Maya: Meine Leistung in Rio entsprach meinen eigenen Ansprüchen nicht. Das nimmt einen immer etwas mit und schlägt sich in der Laune wider. Ich habe versucht, trotzdem so viel es geht mitzunehmen. Ich war sowohl beim Tennis als auch beim Beachvolleyballfinale.</strong></p>



<p>Thomas: Nun zum Eiderlauf, wie bist Du auf unsere Veranstaltung aufmerksam geworden?</p>



<p><strong>Maya: Ich bin ja schon ein Weilchen in der Laufzene, da kennt man die größeren Läufe irgendwann.</strong></p>



<p>Thomas: Wie willst Du den Lauf angehen, eher als Trainingslauf oder läufst Du auf Sieg?</p>



<p><strong>Maya: Ich bin gerade erst ins Training eingestiegen, und muss schauen wie viel am Sonntag schon wieder möglich ist. Wichtig ist in dieser ersten Phase, dass ich mich beim Laufen gut fühle.</strong></p>



<p>Thomas: Was sind Deine sportlichen Ziele für das nächste Jahr?</p>



<p><strong>Maya: Im nächsten Jahr steht eine WM in London an, sowie die Studenten WM. Für mich ist jedoch vor allem die weitere läuferische Entwicklung in Hinblick auf die Europameisterschaften 2017 besonders wichtig.</strong></p>



<p>Thomas: Vielen Dank für das Interview Maya und für den 16.10. wünschen wir Dir viel Erfolg!</p>



<p><strong>Maya: Vielen Dank, ich freue mich drauf.</strong></p>

<p>Mit Maya Rehberg startet zum ersten Mal eine Teilnehmerin olympischer Spiele beim Büdelsdorfer Eiderlauf. Wir haben Maya kurz vor Ihrer Premiere&nbsp; an der Eider ein paar Fragen gestellt.</p>
