{"id":1186,"date":"2019-04-18T18:00:40","date_gmt":"2019-04-18T16:00:40","guid":{"rendered":"http:\/\/eiderlauf.athletico-buedelsdorf.de\/?page_id=1186"},"modified":"2019-04-18T18:00:41","modified_gmt":"2019-04-18T16:00:41","slug":"ein-dank-an-die-vhs-rendsburg","status":"publish","type":"page","link":"https:\/\/eiderlauf.athletico-buedelsdorf.de\/?page_id=1186","title":{"rendered":"Ein Dank an die VHS Rendsburg &#8230;"},"content":{"rendered":"\n<p>die uns wieder das B\u00fcdelsdorfer B\u00fcrgerzentrum kostenlos zur Verf\u00fcgung gestellt hat.<\/p>\n\n\n\n<div class=\"wp-block-image\"><figure class=\"alignleft\"><a href=\"http:\/\/www.vhs-rendsburg.de\/\" target=\"_blank\" rel=\"noreferrer noopener\"><img loading=\"lazy\" decoding=\"async\" width=\"219\" height=\"119\" src=\"https:\/\/eiderlauf.athletico-buedelsdorf.de\/wp-content\/uploads\/2016\/10\/vhs_logo.jpg\" alt=\"vhs_logo\" class=\"wp-image-830\"\/><\/a><\/figure><\/div>\n\n\n\n<!--more-->\n\n\n\n<p>Seit vielen Jahren ist die VHS Rendsburger Ring e.V. unser zuverl\u00e4ssiger Partner beim Eiderlauf. Auch in diesem Jahr bedanken wir uns ganz herzlich f\u00fcr die kostenlose Nutzung des B\u00fcdelsdorfer B\u00fcrgerzentrums.<\/p>\n","protected":false},"excerpt":{"rendered":"<p>die uns wieder das B\u00fcdelsdorfer B\u00fcrgerzentrum kostenlos zur Verf\u00fcgung gestellt hat.<\/p>\n","protected":false},"author":1,"featured_media":0,"parent":0,"menu_order":0,"comment_status":"closed","ping_status":"closed","template":"","meta":{"ngg_post_thumbnail":0,"footnotes":""},"class_list":["post-1186","page","type-page","status-publish","hentry"],"_links":{"self":[{"href":"https:\/\/eiderlauf.athletico-buedelsdorf.de\/index.php?rest_route=\/wp\/v2\/pages\/1186","targetHints":{"allow":["GET"]}}],"collection":[{"href":"https:\/\/eiderlauf.athletico-buedelsdorf.de\/index.php?rest_route=\/wp\/v2\/pages"}],"about":[{"href":"https:\/\/eiderlauf.athletico-buedelsdorf.de\/index.php?rest_route=\/wp\/v2\/types\/page"}],"author":[{"embeddable":true,"href":"https:\/\/eiderlauf.athletico-buedelsdorf.de\/index.php?rest_route=\/wp\/v2\/users\/1"}],"replies":[{"embeddable":true,"href":"https:\/\/eiderlauf.athletico-buedelsdorf.de\/index.php?rest_route=%2Fwp%2Fv2%2Fcomments&post=1186"}],"version-history":[{"count":1,"href":"https:\/\/eiderlauf.athletico-buedelsdorf.de\/index.php?rest_route=\/wp\/v2\/pages\/1186\/revisions"}],"predecessor-version":[{"id":1188,"href":"https:\/\/eiderlauf.athletico-buedelsdorf.de\/index.php?rest_route=\/wp\/v2\/pages\/1186\/revisions\/1188"}],"wp:attachment":[{"href":"https:\/\/eiderlauf.athletico-buedelsdorf.de\/index.php?rest_route=%2Fwp%2Fv2%2Fmedia&parent=1186"}],"curies":[{"name":"wp","href":"https:\/\/api.w.org\/{rel}","templated":true}]}}