{"id":1169,"date":"2019-04-18T17:42:51","date_gmt":"2019-04-18T15:42:51","guid":{"rendered":"http:\/\/eiderlauf.athletico-buedelsdorf.de\/?page_id=1169"},"modified":"2019-04-18T17:42:53","modified_gmt":"2019-04-18T15:42:53","slug":"sparkasse-mittelholstein-spendet-500-euro","status":"publish","type":"page","link":"https:\/\/eiderlauf.athletico-buedelsdorf.de\/?page_id=1169","title":{"rendered":"Sparkasse Mittelholstein spendet 500 Euro &#8230;"},"content":{"rendered":"\n<p>\nDie Sparkasse Mittelholstein sponsert auch in diesem Jahr wieder einen betr\u00e4chtlichen Betrag (500 Euro) f\u00fcr unseren Eiderlauf. Der L\u00e4ufernachwuchs der SG Athletico B\u00fcdelsdorf fand sich gestern in der Filiale in B\u00fcdelsdorf ein um mit dem Filialleiter Kai Nehren (Bildmitte) ein Photo zu machen.\n\n<\/p>\n\n\n\n<figure class=\"wp-block-image\"><img loading=\"lazy\" decoding=\"async\" width=\"1024\" height=\"768\" src=\"https:\/\/eiderlauf.athletico-buedelsdorf.de\/wp-content\/uploads\/2017\/09\/DSC02009-1024x768.jpg\" alt=\"\" class=\"wp-image-873\" srcset=\"https:\/\/eiderlauf.athletico-buedelsdorf.de\/wp-content\/uploads\/2017\/09\/DSC02009-1024x768.jpg 1024w, https:\/\/eiderlauf.athletico-buedelsdorf.de\/wp-content\/uploads\/2017\/09\/DSC02009-300x225.jpg 300w, https:\/\/eiderlauf.athletico-buedelsdorf.de\/wp-content\/uploads\/2017\/09\/DSC02009-768x576.jpg 768w, https:\/\/eiderlauf.athletico-buedelsdorf.de\/wp-content\/uploads\/2017\/09\/DSC02009.jpg 1555w\" sizes=\"auto, (max-width: 1024px) 100vw, 1024px\" \/><figcaption>&#8222;Sparkasse Mittelholstein&#8220; &#8211; Vielen Dank f\u00fcr das jahrelange Sponsoring<\/figcaption><\/figure>\n","protected":false},"excerpt":{"rendered":"<p>Die Sparkasse Mittelholstein sponsert auch in diesem Jahr wieder einen betr\u00e4chtlichen Betrag (500 Euro) f\u00fcr unseren Eiderlauf. Der L\u00e4ufernachwuchs der SG Athletico B\u00fcdelsdorf fand sich gestern in der Filiale in B\u00fcdelsdorf ein um mit&#46;&#46;&#46;<\/p>\n","protected":false},"author":1,"featured_media":0,"parent":0,"menu_order":0,"comment_status":"closed","ping_status":"closed","template":"","meta":{"ngg_post_thumbnail":0,"footnotes":""},"class_list":["post-1169","page","type-page","status-publish","hentry"],"_links":{"self":[{"href":"https:\/\/eiderlauf.athletico-buedelsdorf.de\/index.php?rest_route=\/wp\/v2\/pages\/1169","targetHints":{"allow":["GET"]}}],"collection":[{"href":"https:\/\/eiderlauf.athletico-buedelsdorf.de\/index.php?rest_route=\/wp\/v2\/pages"}],"about":[{"href":"https:\/\/eiderlauf.athletico-buedelsdorf.de\/index.php?rest_route=\/wp\/v2\/types\/page"}],"author":[{"embeddable":true,"href":"https:\/\/eiderlauf.athletico-buedelsdorf.de\/index.php?rest_route=\/wp\/v2\/users\/1"}],"replies":[{"embeddable":true,"href":"https:\/\/eiderlauf.athletico-buedelsdorf.de\/index.php?rest_route=%2Fwp%2Fv2%2Fcomments&post=1169"}],"version-history":[{"count":1,"href":"https:\/\/eiderlauf.athletico-buedelsdorf.de\/index.php?rest_route=\/wp\/v2\/pages\/1169\/revisions"}],"predecessor-version":[{"id":1171,"href":"https:\/\/eiderlauf.athletico-buedelsdorf.de\/index.php?rest_route=\/wp\/v2\/pages\/1169\/revisions\/1171"}],"wp:attachment":[{"href":"https:\/\/eiderlauf.athletico-buedelsdorf.de\/index.php?rest_route=%2Fwp%2Fv2%2Fmedia&parent=1169"}],"curies":[{"name":"wp","href":"https:\/\/api.w.org\/{rel}","templated":true}]}}