{"id":1162,"date":"2019-04-18T17:35:16","date_gmt":"2019-04-18T15:35:16","guid":{"rendered":"http:\/\/eiderlauf.athletico-buedelsdorf.de\/?page_id=1162"},"modified":"2019-04-18T17:35:17","modified_gmt":"2019-04-18T15:35:17","slug":"sky-xxl-sponsert-muesliriegel","status":"publish","type":"page","link":"https:\/\/eiderlauf.athletico-buedelsdorf.de\/?page_id=1162","title":{"rendered":"Sky XXL sponsert M\u00fcsliriegel"},"content":{"rendered":"\n<p>F\u00fcr die Verpflegung der L\u00e4ufer im Ziel sponsert SkyXXL aus dem Rondo in B\u00fcdelsdorf auch dieses Jahr wieder die M\u00fcsliriegel.<\/p>\n\n\n\n<p>Vielen Dank an das gesamte Sky Team!!<\/p>\n","protected":false},"excerpt":{"rendered":"<p>F\u00fcr die Verpflegung der L\u00e4ufer im Ziel sponsert SkyXXL aus dem Rondo in B\u00fcdelsdorf auch dieses Jahr wieder die M\u00fcsliriegel. Vielen Dank an das gesamte Sky Team!!<\/p>\n","protected":false},"author":1,"featured_media":0,"parent":0,"menu_order":0,"comment_status":"closed","ping_status":"closed","template":"","meta":{"ngg_post_thumbnail":0,"footnotes":""},"class_list":["post-1162","page","type-page","status-publish","hentry"],"_links":{"self":[{"href":"https:\/\/eiderlauf.athletico-buedelsdorf.de\/index.php?rest_route=\/wp\/v2\/pages\/1162","targetHints":{"allow":["GET"]}}],"collection":[{"href":"https:\/\/eiderlauf.athletico-buedelsdorf.de\/index.php?rest_route=\/wp\/v2\/pages"}],"about":[{"href":"https:\/\/eiderlauf.athletico-buedelsdorf.de\/index.php?rest_route=\/wp\/v2\/types\/page"}],"author":[{"embeddable":true,"href":"https:\/\/eiderlauf.athletico-buedelsdorf.de\/index.php?rest_route=\/wp\/v2\/users\/1"}],"replies":[{"embeddable":true,"href":"https:\/\/eiderlauf.athletico-buedelsdorf.de\/index.php?rest_route=%2Fwp%2Fv2%2Fcomments&post=1162"}],"version-history":[{"count":1,"href":"https:\/\/eiderlauf.athletico-buedelsdorf.de\/index.php?rest_route=\/wp\/v2\/pages\/1162\/revisions"}],"predecessor-version":[{"id":1163,"href":"https:\/\/eiderlauf.athletico-buedelsdorf.de\/index.php?rest_route=\/wp\/v2\/pages\/1162\/revisions\/1163"}],"wp:attachment":[{"href":"https:\/\/eiderlauf.athletico-buedelsdorf.de\/index.php?rest_route=%2Fwp%2Fv2%2Fmedia&parent=1162"}],"curies":[{"name":"wp","href":"https:\/\/api.w.org\/{rel}","templated":true}]}}